 151, 2381
What are the prime factors of 1360287219?
3, 181, 2505133
What are the prime factors of 30772310?
2, 5, 47, 233, 281
List the prime factors of 325765215.
3, 5, 23, 449, 701
What are the prime factors of 709709115?
3, 5, 17, 2783173
List the prime factors of 3711165274.
2, 1855582637
List the prime factors of 85672588.
2, 17, 727, 1733
What are the prime factors of 47749377?
3, 13, 523, 2341
What are the prime factors of 139364637?
3, 2339, 19861
List the prime factors of 1988822747.
89, 1009, 22147
What are the prime factors of 438451490?
2, 5, 43845149
What are the prime factors of 583207531?
583207531
What are the prime factors of 935185365?
3, 5, 2221, 3119
List the prime factors of 12334878.
2, 3, 685271
What are the prime factors of 95893827?
3, 43, 743363
List the prime factors of 803694542.
2, 7, 57406753
List the prime factors of 28025933.
13, 2155841
What are the prime factors of 12964057?
47, 101, 2731
List the prime factors of 129440712.
2, 3, 709, 7607
What are the prime factors of 40530372?
2, 3, 53, 63727
What are the prime factors of 53555239?
313, 171103
List the prime factors of 1596808534.
2, 23, 34713229
What are the prime factors of 16348401?
3, 1816489
What are the prime factors of 37637086?
2, 131, 143653
What are the prime factors of 175498521?
3, 11, 483467
What are the prime factors of 1316180036?
2, 107, 1297, 2371
What are the prime factors of 1456362348?
2, 3, 7, 1009, 17183
List the prime factors of 83663545.
5, 7, 17, 140611
What are the prime factors of 430879158?
2, 3, 29, 825439
List the prime factors of 155099743.
29, 311, 593
List the prime factors of 16617225.
3, 5, 149, 1487
What are the prime factors of 259139617?
11, 2221, 10607
What are the prime factors of 368918297?
11, 33538027
What are the prime factors of 2835827154?
2, 3, 17, 307, 30187
List the prime factors of 4018606826.
2, 13, 4133, 37397
List the prime factors of 516993807.
3, 11, 1699, 9221
List the prime factors of 744516282.
2, 3, 124086047
What are the prime factors of 68473471?
11, 6224861
What are the prime factors of 475983893?
7, 11, 883087
List the prime factors of 64180622.
2, 11, 1069, 2729
List the prime factors of 971711328.
2, 3, 7, 53, 27283
What are the prime factors of 107145652?
2, 59, 191, 2377
List the prime factors of 144750136.
2, 29, 623923
What are the prime factors of 4811849548?
2, 11, 59, 1853563
List the prime factors of 386093781.
3, 389, 110281
List the prime factors of 305404295.
5, 7, 151, 57787
List the prime factors of 1652704096.
2, 17, 41, 74099
List the prime factors of 14236862.
2, 23, 173, 1789
What are the prime factors of 1067553838?
2, 13, 5419, 7577
List the prime factors of 56560219.
56560219
List the prime factors of 23668862.
2, 7, 17, 14207
What are the prime factors of 4344843930?
2, 3, 5, 7, 73, 139, 2039
What are the prime factors of 174757464?
2, 3, 7, 269, 1289
List the prime factors of 5203338620.
2, 5, 59, 4409609
What are the prime factors of 1848701895?
3, 5, 31, 3975703
List the prime factors of 2600600749.
97, 4441, 6037
List the prime factors of 63142444.
2, 15785611
What are the prime factors of 53824361?
4561, 11801
List the prime factors of 1758861065.
5, 13, 19, 1093, 1303
What are the prime factors of 682609236?
2, 3, 56884103
List the prime factors of 41469031.
41469031
What are the prime factors of 298803306?
2, 3, 49800551
List the prime factors of 34322350.
2, 5, 257, 2671
What are the prime factors of 403883645?
5, 11, 2399, 3061
List the prime factors of 575578655.
5, 115115731
List the prime factors of 835735575.
3, 5, 601, 18541
List the prime factors of 3506029111.
13, 131, 2058737
What are the prime factors of 31733953?
107, 296579
List the prime factors of 54830938.
2, 29, 53, 17837
What are the prime factors of 476283744?
2, 3, 1653763
List the prime factors of 117366845.
5, 73, 321553
List the prime factors of 902128285.
5, 797, 226381
What are the prime factors of 22451947?
7, 47, 9749
What are the prime factors of 373701687?
3, 124567229
List the prime factors of 229759630.
2, 5, 191, 120293
What are the prime factors of 97310217?
3, 23, 1410293
What are the prime factors of 3588036914?
2, 7, 11, 23298941
What are the prime factors of 5756679140?
2, 5, 83, 227, 15277
List the prime factors of 12719296.
2, 353, 563
List the prime factors of 2897070574.
2, 197, 1279, 5749
List the prime factors of 5073109884.
2, 3, 179, 787261
List the prime factors of 543875428.
2, 83, 1129, 1451
What are the prime factors of 506667806?
2, 253333903
What are the prime factors of 105465141?
3, 29, 404081
What are the prime factors of 211719052?
2, 19, 79, 179, 197
List the prime factors of 15119468.
2, 7, 13, 73, 569
What are the prime factors of 3431137583?
3431137583
What are the prime factors of 1851493439?
107, 17303677
List the prime factors of 100198000.
2, 5, 7, 17, 421
What are the prime factors of 1709505264?
2, 3, 35614693
List the prime factors of 1721410491.
3, 59, 337, 28859
List the prime factors of 110334742.
2, 7, 1327, 5939
What are the prime factors of 3072647603?
43, 71456921
List the prime factors of 4013865785.
5, 29, 593, 46681
What are the prime factors of 32108968?
2, 4013621
List the prime factors of 393353525.
5, 15734141
List the prime factors of 6119346953.
433, 14132441
List the prime factors of 568284862.
2, 284142431
What are the prime factors of 1801139581?
43, 41886967
List the prime factors of 25188410.
2, 5, 13, 193757
What are the prime factors of 890796083?
15473, 57571
List the prime factors of 1718515.
5, 41, 83, 101
List the prime factors of 1045617138.
2, 3, 2161, 26881
What are the prime factors of 130663684?
2, 19, 431, 3989
List the prime factors of 3313273884.
2, 3, 19, 764837
What are the prime factors of 3464781889?
43, 331, 243433
List the prime factors of 72794575.
5, 7, 415969
What are the prime factors of 42994774?
2, 23, 934669
What are the prime factors of 337893592?
2, 193, 218843
List the prime factors of 486348440.
2, 5, 12158711
List the prime factors of 267560184.
2, 3, 73, 152717
List the prime factors of 178847327.
17, 10520431
What are the prime factors of 156956163?
3, 7, 13, 23, 3571
List the prime factors of 294317443.
7, 5059, 8311
What are the prime factors of 223758664?
2, 29, 149, 6473
List the prime factors of 37463395.
5, 1103, 6793
What are the prime factors of 7120583?
7120583
What are the prime factors of 193028774?
2, 96514387
List the prime factors of 595209293.
7, 103, 825533
List the prime factors of 2214386315.
5, 61, 7260283
What are the prime factors of 72968977?
72968977
List the prime factors of 158422241.
181, 875261
List the prime factors of 2412879726.
2, 3, 43, 9352247
List the prime factors of 428476467.
3, 19, 43, 59, 2963
List the prime factors of 377369047.
11, 71, 73, 6619
List the prime factors of 3498462431.
97, 36066623
What are the prime factors of 827510115?
3, 5, 73, 755717
What are the prime factors of 107512004?
2, 41, 655561
What are the prime factors of 147386861?
147386861
List the prime factors of 448640611.
10139, 44249
What are the prime factors of 45037145?
5, 29, 131, 2371
What are the prime factors of 4953313665?
3, 5, 2617, 42061
What are the prime factors of 457067700?
2, 3, 5, 263, 1931
What are the prime factors of 605543876?
2, 7, 17, 1272151
List the prime factors of 78017421.
3, 31, 838897
List the prime factors of 1796658181.
13921, 129061
List the prime factors of 203347912.
2, 89, 3209
List the prime factors of 1595993593.
41, 71, 548263
List the prime factors of 229152219.
3, 79, 947, 1021
List the prime factors of 394289610.
2, 3, 5, 11, 13, 91909
What are the prime factors of 29934591?
3, 37, 61, 4421
What are the prime factors of 314622733?
211, 1491103
What are the prime factors of 151056517?
19, 7950343
What are the prime factors of 37312127?
17, 31, 101, 701
List the prime factors of 595577736.
2, 3, 13, 636301
What are the prime factors of 36458748?
2, 3, 12503
What are the prime factors of 25884425?
5, 7, 211, 701
List the prime factors of 99601824.
2, 3, 7, 103, 1439
List the prime factors of 122753469.
3, 3559, 11497
What are the prime factors of 3032689526?
2, 1516344763
List the prime factors of 1283622562.
2, 16447, 39023
List the prime fa